2, 24 = 3*v + h*j. What is the remainder when 15 is divided by v?
7
Let l = 69 + -59. What is the remainder when 48 is divided by l?
8
Suppose -3*w + 0*h - h = -256, -328 = -4*w - 4*h. What is the remainder when w is divided by 22?
21
What is the remainder when 4 is divided by (-29)/(-58) - 14/(-4)?
0
Suppose -4*s + 5*l = -60, -1 = 2*s + 2*l - 49. Let b = 34 - s. Suppose 2*a - 72 = b. Calculate the remainder when a is divided by 15.
13
Let r(m) = m**2 - m - 5. Let f be r(-4). Let i = f - -3. Let b = 52 + -18. What is the remainder when b is divided by i?
16
Suppose -5*q - u + 133 = 0, 4*q - 5*u - 73 = 45. Calculate the remainder when 53 is divided by q.
26
Suppose z = 2*z + 27. What is the remainder when (-507)/(-27) - 6/z is divided by 10?
9
Let y = 20 - 1. Let q(u) be the second derivative of u**5/20 + 5*u**4/12 - u**3/6 + 5*u**2/2 + u. What is the remainder when y is divided by q(-5)?
9
Suppose x - 60 = -2*x. What is the remainder when (12/(-20))/(2/(-190)) is divided by x?
17
Let n = -9 + 26. What is the remainder when 64 is divided by n?
13
Let b(o) = o**2 - 14*o - 12. Let c be b(15). Suppose c*v - 246 = 4*m, -v + 0*m = -3*m - 77. Calculate the remainder when v is divided by 22.
20
Suppose -25 = -2*a - 3*o, 5*a - 2*o - 14 = 1. Suppose 2*b = -6, 3*b + b - 103 = -a*n. Calculate the remainder when n is divided by 8.
7
Suppose 0 = -5*g - 3*f + 161, -4*f - 58 = -2*g - 2*f. Calculate the remainder when g is divided by ((-16)/(-10))/((-3)/(-15)).
7
Let z be -14*(0 + 2/(-4)). Suppose -14 - z = -c - 4*v, -3*v + 9 = 0. Let q(j) = 2*j**3 - 5*j**2 + 5*j - 7. Calculate the remainder when q(3) is divided by c.
8
Let o be (-100 + -1)*(-3 + 2). What is the remainder when (-2)/8 + o/4 is divided by 6/((-1)/(6/(-4)))?
7
Let x(s) = s**3 + 15*s**2 - 2*s - 25. Calculate the remainder when 16 is divided by x(-15).
1
Let i(h) = 8*h**2 + 2*h + 1. Let y = 23 + -22. What is the remainder when i(-2) is divided by -8*y*(3 + -5)?
13
Let s = 11 + -3. Calculate the remainder when 29 is divided by s.
5
Suppose 180 = 9*z - 153. Calculate the remainder when 72 is divided by z.
35
Let p be 402/14 - (-6)/21. Suppose -p = -w - 0*w. Calculate the remainder when w is divided by 8.
5
Let u(o) = -o**3 + 7*o**2 + 12. What is the remainder when 47 is divided by u(7)?
11
Let v = 7 - 3. Suppose -v*f - 49 = -5*a, 3*f = 16 - 4. Calculate the remainder when 25 is divided by a.
12
Suppose -l + 0*c = c + 1, c = 2*l - 1. Suppose -q + k + 19 = 0, -4*q - k + 44 + 37 = l. Let h = 56 - -2. Calculate the remainder when h is divided by q.
18
Suppose 2 = -z + 1. Let h = z + 11. Let q(r) = r**3 + r**2 - r - 4. Calculate the remainder when q(3) is divided by h.
9
Suppose 6 = 3*k - 27. What is the remainder when 42 is divided by k?
9
Let b(c) = 8*c + 1. Suppose -2*v = 3*v - 5. Let n be b(v). Suppose 3*j - n = 0, -5*f + 0*j - j + 53 = 0. What is the remainder when f is divided by 6?
4
What is the remainder when 4/14 - (1032/(-14) + -6) is divided by 21?
17
Let r(u) = u**2 + 2*u - 7. Let j(p) = 5*p**3. Let m be j(-1). Let d = -122 + 144. What is the remainder when d is divided by r(m)?
6
Let f(i) = i - 11. Let v be f(14). Calculate the remainder when (2/(-5))/(2/(-190)) is divided by v - (-7)/(28/40).
12
Let z = 17 - 11. Suppose -k - 17 = -5*f, -2*f = -k - z + 1. Suppose -5*m - 3*b + 12 - 4 = 0, -f*b = 16. What is the remainder when 11 is divided by m?
3
Let a = 46 - 64. Let n = a + 42. Calculate the remainder when n is divided by 9.
6
Let c = -90 - -137. Let i(g) = g**3 - 15*g**2 + 17*g - 18. Calculate the remainder when c is divided by i(14).
23
Let p = -74 + 80. Calculate the remainder when 16 is divided by p.
4
Let f = -9 + 26. Calculate the remainder when f is divided by 6.
5
Suppose -y + 2*r = 0, 5*y + 3*r = 4*r - 27. Let h = y + 14. What is the remainder when h is divided by 3?
2
Let b(x) = x**2 + 9*x + 11. Calculate the remainder when 43 is divided by b(-9).
10
Let l = 5 + -1. Let k = -42 + 43. Calculate the remainder when l is divided by k.
0
Let c be 6/15*5*1. Suppose 4*z - 12 = 28. Suppose -c = u - z. What is the remainder when u is divided by 3?
2
Let h be (-3)/(-15) + (-149)/(-5). Let j = -10 + h. Let r = -16 - -23. Calculate the remainder when j is divided by r.
6
Let f = 22 - 13. Calculate the remainder when f is divided by 6.
3
Suppose -4 = -j + 11. Calculate the remainder when (0 + 1 - 2)*-56 is divided by j.
11
Let t(c) = c + 16. What is the remainder when 92 is divided by t(9)?
17
Let i be (4 - (3 - 0))*4. Let k be 173/9 + i/(-18). Let h = 35 - k. Calculate the remainder when 31 is divided by h.
15
Let w(d) = d**2 - 2*d - 1. Calculate the remainder when 23 is divided by w(-3).
9
Suppose 0*s + 5*i - 10 = s, 0 = 2*s - 5*i - 5. Calculate the remainder when 57 is divided by s.
12
Let f = 52 - 17. Suppose -5*w + 65 = 5*g, w = -5*g + 2*w + 59. Calculate the remainder when f is divided by g.
11
Let m(r) = -r + 1. Let d(i) = 6*i + 6. Let x(u) = -d(u) - 2*m(u). What is the remainder when 79 is divided by x(-7)?
19
Let i = 35 - 5. What is the remainder when 87 is divided by i?
27
Let g be (6 - 3) + 0 + -6. Let r(h) = 3*h**2 + 3. Calculate the remainder when r(g) is divided by 16.
14
Suppose -36 = 5*c - 7*c. Calculate the remainder when 33 is divided by c.
15
Suppose -t + 91 = -5*s - 17, 2*t - 261 = -5*s. Suppose 5*h - t + 43 = 0. What is the remainder when h is divided by 8/1 + 4/(-2)?
4
Suppose 4*s + 0*h - 2*h - 66 = 0, -3*h = 4*s - 41. What is the remainder when s is divided by 6?
2
Let f be (-4)/6 - 88/(-24). Suppose -3*y + 165 = f*a + 30, a = 3. What is the remainder when y is divided by 9?
6
Suppose 11*j = -2*j + 325. Calculate the remainder when j is divided by 17.
8
Let l(z) = -6*z - 9. What is the remainder when 65 is divided by l(-7)?
32
Suppose -y - 14 = -2*u - 5, -u = 2*y + 3. Let x = u - -8. Calculate the remainder when x is divided by (2/4)/((-6)/(-72)).
5
Suppose n + n = 0. Suppose n = -x + 43. Suppose 0*g + 3*g = 4*u - 22, 5*u = -4*g + x. What is the remainder when u is divided by 4?
3
Let y = 0 + 3. Calculate the remainder when (-3)/(-6) + 69/6 is divided by y.
0
Suppose -5*s - 2*z = -348, s = -2*s + 3*z + 192. Let d = s - 19. Calculate the remainder when d is divided by 13.
10
Suppose l + 4*b + 29 = 4*l, -5*b = -4*l + 37. Suppose -l*p = -18 - 9. Calculate the remainder when 35 is divided by p.
8
Let k = -11 - -31. What is the remainder when k is divided by 6?
2
What is the remainder when ((-4598)/(-95))/((-4)/(-10)) is divided by 42?
37
Suppose 7*p + 243 = 10*p. Calculate the remainder when p is divided by 28.
25
Suppose -j + 3*k - 4 = -0*k, 0 = -4*j + 3*k + 11. Suppose -j*b = -3 - 7. Calculate the remainder when 5 is divided by b.
1
Suppose 13 = d + 5. Calculate the remainder when (-1 - (-28)/6)/(5/30) is divided by d.
6
Let q(s) = -s + 1. Let r be q(3). Suppose -5*k + 22 = 2*u, 3*u = -2*k - 2*k + 19. Calculate the remainder when u is divided by 1/(-3)*6/r.
0
Let n = 23 - 19. What is the remainder when 14 is divided by n?
2
Suppose -c + 11 + 1 = -3*k, k = -2. Calculate the remainder when (1 + (-14)/(-6))*(-24)/(-10) is divided by c.
2
Let w = -3 + 5. Suppose w*u - 3 = -u. Let v(h) = 3*h**3 - h. Calculate the remainder when v(1) is divided by u.
0
Let y = -43 - -79. What is the remainder when y is divided by (56/(-10) - 2)*150/(-60)?
17
Let s = 35 + -24. Calculate the remainder when 32 is divided by s.
10
Let f be 146/4 - (-3)/6. Suppose -3*r - 4 = -f. Calculate the remainder when 43 is divided by r.
10
Let h = -7 - -7. Suppose 2*l + 3*l - 130 = h. What is the remainder when l is divided by 9?
8
Let u be 8/36 + 25/9. Calculate the remainder when 1/(-3) + (-103)/(-3) is divided by (-1)/u - 37/(-3).
10
Let v = -36 - -52. What is the remainder when 28 is divided by v?
12
Let f(c) = -c**3 + 3*c**2 + c + 5. What is the remainder when 69 is divided by f(3)?
5
Suppose -4*a = -7*a + 72. Calculate the remainder when 93 is divided by a.
21
Suppose -5*s + 2*z + 54 = 0, -s + 2*s - 24 = -4*z. Calculate the remainder when 20 is divided by s.
8
Suppose 3 + 28 = u. What is the remainder when 121 is divided by u?
28
Suppose 3*q = 6*q - 54. What is the remainder when 70 is divided by q?
16
Let w be 10/4*(-6)/3. Let h be (-3)/w + 18/(-30). Suppose h = -0*o - 3*o + 2*g + 50, -3*o = g - 56.